 What is the units digit of o?
8
Let y(p) = 2*p**2 - 4*p + 4. Let d be y(2). Suppose d*h + 188 = 8*h. What is the units digit of h?
7
Suppose -51*a + 44915 = -70549. What is the tens digit of a?
6
Let j(p) = p**3 - 15*p**2 - p + 19. Let n be j(15). Suppose 20 = n*w, 0 = q - 0*q - w - 114. What is the units digit of q?
9
Suppose -2632 = -2*q + 11*r - 9*r, -3*r = -5*q + 6580. What is the thousands digit of q?
1
Suppose -4*a - 2*h = a - 50, -50 = -5*a - h. Suppose 0 = 2*r - a, -3 = -i + 3*r + 4. What is the units digit of i?
2
What is the hundreds digit of (34 + -236)/(-1 + 0)?
2
Suppose 32*b = 29*b - 3*s + 1197, s = -3*b + 1189. What is the tens digit of b?
9
Suppose 2 - 21 = -5*h - 2*r, 3*h - 13 = -2*r. Let c be (-2)/h - (-70)/15. Suppose -3*d - c*q + 30 = -28, 5*d = -q + 125. What is the tens digit of d?
2
Suppose g = 5*o - 13, -11 = -20*g + 19*g - o. Let z(y) be the third derivative of -y**5/60 + 5*y**4/8 - 7*y**3/6 - y**2. What is the tens digit of z(g)?
4
Suppose 3*k - 2*k - 11 = 0. Let j = 25 - k. Let u = 8 + j. What is the units digit of u?
2
Let s(g) = 21*g**3 - 2*g**2 + 1. Let k(i) = -i**3. Let n be k(-1). Let t be s(n). Suppose -4*f + 0 = -2*p + 2, -2*p + t = 2*f. What is the units digit of p?
7
Let c(i) = 9*i**2 - 8*i - 27. What is the hundreds digit of c(6)?
2
Let z(u) = u + 1. Let t(q) = -27. Let a(c) = -t(c) + z(c). What is the units digit of a(0)?
8
Let d(m) = -13 - 6*m - 3 + 12*m. Let r(v) = -v**3 - 6*v**2 - v - 1. Let l be r(-6). What is the units digit of d(l)?
4
What is the units digit of 42/(-105) + 672/5?
4
Let o(j) = -2*j**2 - 4*j - 4. Let t be -6 + 0 + 3/1. Let p be o(t). Let l = p - -44. What is the units digit of l?
4
Suppose 5*u - n - 2154 = 0, 7*n = 4*u + 2*n - 1719. Let p = -190 + u. What is the tens digit of p?
4
Let f(w) = 4*w - 2. Let p be f(2). Suppose -p*m + 16 = -2*m. Suppose -4*x + 8*x - m = 0, -2*l + 37 = 5*x. What is the units digit of l?
6
Let i be -1 - -2 - (8 + 0). Let r(c) = -c - 19. Let x be r(i). What is the units digit of x/(-48) - (-406)/8?
1
Let g be 5/(-20) + (-153)/12. Let n(k) = -k - 8. Let d be n(g). Let u = 19 - d. What is the units digit of u?
4
Let l(d) = 146*d**2 - 8*d. Let x = 48 + -49. What is the tens digit of l(x)?
5
Let y = 447 + -677. Let j = y - -332. Suppose 0 = -4*v + j - 30. What is the units digit of v?
8
Let b(y) = -5*y - 12. Let d(c) = -c. Let u(j) = 6*j + 33. Let q(v) = 3*d(v) + u(v). Let r be q(-16). What is the tens digit of b(r)?
6
Suppose 12*p = -42 + 6. What is the hundreds digit of (p/((-6)/440))/((-3)/(-3))?
2
Let y be 6/15 + 8/(-20). Suppose -r - 3*k = -34, y*r - 5*r + 4*k + 246 = 0. What is the tens digit of r?
4
Suppose -15*y - 1144 = -19*y. Let z = -69 + y. What is the tens digit of z?
1
Let g(t) = t**3 + 21*t**2 + 14*t - 29. What is the thousands digit of g(-16)?
1
Suppose 8*x + 4*n = 6*x + 10, 5*x + 4*n - 1 = 0. Let f(g) = -33*g - 4. What is the units digit of f(x)?
5
Suppose -6*d + 12 = -0*d. Let q(l) = l**2 + 3*l + 8. Let c be q(8). Suppose d*j = -j + c. What is the tens digit of j?
3
Suppose -5*t + 3*c + 127 + 152 = 0, 3*t - 2*c = 168. Let p = -20 + t. Suppose n - 2*n + 3*h = -p, -5*n = -3*h - 194. What is the tens digit of n?
4
Let h = -101 + 754. Suppose 0*d = -d - u + 211, u + h = 3*d. What is the units digit of d?
6
Let u(k) = -8*k + 33*k + 3*k + 3 + 1. What is the units digit of u(3)?
8
Let y = -632 + 3703. What is the hundreds digit of y?
0
Let r(j) = -j**3 - 17*j**2 + 2*j + 25. Let h be r(-17). Let k = h + 5. What is the tens digit of (-6)/k*(-944)/(-24)?
5
Let s = 4536 + -3166. What is the tens digit of s?
7
What is the hundreds digit of (-4)/8*(-1230 - -2)?
6
Let k(r) be the first derivative of -r**4/4 - 7*r**3/3 - 3*r**2 - 5*r + 10. What is the tens digit of k(-8)?
0
Let s be 39/26 + 2634/4. Let f be 6/4*s/9. Suppose 4*v + v - f = 0. What is the tens digit of v?
2
Let q(x) = 6*x - 271. Let k be q(0). Let d = k + 492. What is the hundreds digit of d?
2
Let w be -3 + 15/6 + 1/2. Suppose w = -7*p + 275 - 86. What is the units digit of p?
7
Let h be 0 + 0/(-1 + 6 - 3). Suppose 2*z - 3*m + 2*m - 346 = h, -3*m - 338 = -2*z. What is the tens digit of z?
7
Suppose 3*b = -b - 8. Let i be 1*(b - (-2 + 0)). Suppose 0 = 5*a - i*a - 60. What is the tens digit of a?
1
Let n(j) = j**3 - 32*j**2 + 119*j + 47. What is the tens digit of n(28)?
4
Let s be (-3)/(-4) + (-153)/(-36). Suppose 2*n + 659 + 53 = 5*a, 452 = 3*a + s*n. What is the hundreds digit of a?
1
Suppose -5*d - 2*i + 6299 = 0, -3780 = -3*d + 4*i - 5*i. Suppose 61 = 4*b + d. What is the tens digit of (-4)/8 - b/8?
3
Let d be (0 - -1)/((-1)/(-13)). Suppose -5*q + 6*q = 17. Let r = q - d. What is the units digit of r?
4
Let h = -698 + 1221. What is the units digit of h?
3
Suppose -6*r + 18576 = 6*r. What is the hundreds digit of r?
5
Let r be (-30)/(3/1) + 4. What is the units digit of (-16)/r*(-4 + 7)?
8
Let s(k) = 3*k + 8. Let j be s(-4). Let m be 0*(-1)/4*j. Suppose 3*n = -m*n + 5*u + 92, -3*n + 56 = 4*u. What is the tens digit of n?
2
Suppose -4*q + 8*q - 10406 = -w, -2*w = -q + 2606. What is the thousands digit of q?
2
Suppose 4*f - 1924 = -j - j, -5*j + 2405 = 5*f. What is the hundreds digit of f?
4
Let q(r) = r**3 - 26*r**2 + 28*r + 14. What is the hundreds digit of q(26)?
7
Let b(q) = -27*q - 333. What is the units digit of b(-26)?
9
Let j = 32 + -63. Let n = -21 - j. Suppose -4*y - s + 107 = 2*s, n = 2*s. What is the tens digit of y?
2
Suppose -5*b = -3*w + 662, 4*w + 3*b - 175 - 727 = 0. What is the units digit of w?
4
Suppose 0 = 3*o - 227 + 59. Suppose 3*a - o = 118. What is the tens digit of a?
5
What is the hundreds digit of (-51)/(0 + (-9)/204)?
1
Suppose 0 = 16*l - 11830 - 19018. What is the hundreds digit of l?
9
Let b(d) = -d. Let s(c) = -c**2 - 2*c + 5. Let l(w) = -4*b(w) + s(w). Let f be l(4). What is the units digit of 4/(f + 164/52)?
6
Let y(n) = 7*n**3 + 12*n**2 - 31*n - 6. What is the hundreds digit of y(4)?
5
Let s(p) be the second derivative of p**5/20 - p**4/6 + p**3/3 + p**2/2 - 3*p. Let g be s(2). Suppose -4*n - 42 = -g*n. What is the units digit of n?
2
Let s(x) = 8*x**2 - 4*x - 12. What is the tens digit of s(-4)?
3
Suppose -15060 = 4*l - 16*l. What is the hundreds digit of l?
2
Suppose -4*f + h + 11 = 0, -5*h = -4*f - h - 4. Suppose -444 = -2*w - f*w. What is the units digit of w?
4
Let v = 2396 - 1402. What is the hundreds digit of v?
9
Suppose 4*a - 5*z = -0*z + 4472, 0 = -3*a - 4*z + 3354. What is the thousands digit of a?
1
Suppose -167*r + 162*r = -4615. What is the units digit of r?
3
Let j(l) be the first derivative of 2*l**2 + 2 - 1 - l + 1 - 5*l. What is the tens digit of j(7)?
2
Suppose 0*i - 2*i + 22 = 0. Suppose -2*o - 13 - i = 0. What is the tens digit of o/(-54) - (-268)/9?
3
Let r be 0/(4/(-12)*-9). Suppose 6*y - 15 + 3 = r. Suppose w - y*i - 2 = -4*i, w - 3*i - 7 = 0. What is the units digit of w?
4
Let t(y) be the third derivative of 5/2*y**3 - 10*y**2 - 1/4*y**4 + 0 + 0*y. What is the units digit of t(-7)?
7
Let j(p) = 4*p**2 - 28*p - 224. What is the units digit of j(-6)?
8
Let o(x) = -x**3 - x**2 + 4*x + 4. Let b = 7 - 3. Let t be ((-3)/(-4))/((-1)/b). What is the tens digit of o(t)?
1
Suppose -6*u + 25 = -11*u, 2*f - 5*u = 2605. What is the thousands digit of f?
1
What is the thousands digit of 1 + (1237*2 - (-116)/(-29))?
2
Let n(i) = -i**2 + 8*i - 15. Let y be n(5). Suppose 4*l - 2*m - 710 = y, -m - 627 - 268 = -5*l. What is the tens digit of l?
8
Let t(y) = 2*y**2 - 5*y - 5. Let h(x) = 3*x**2 - 8*x - 8. Let v be (-1)/((4/10)/2). Let b(a) = v*h(a) + 8*t(a). What is the units digit of b(-5)?
5
Suppose -x + 4*i = 14, 3*x + 5*i + 0*i = 26. Suppose -x*w + 161 = 3*t, 4*t = -t + 3*w + 262. What is the tens digit of t?
5
Let g be ((-6)/(-2) - 3) + 19. Suppose 5*d = 6 + g. What is the tens digit of (d/10)/((-2)/(-92))?
2
Let a be 1 - 3 - 11/((-22)/24). Suppose a = h - 10. What is the tens digit of h?
2
Let d(o) = 19*o - 2*o**2 - 20*o + 3*o**2. Let r be d(1). Suppose f - 3*n = -r*f + 8, 0 = 4*n - 12. What is the units digit of f?
7
Let i(a) = a + 17. Let h = -1 - -2. Let m = -1 + h. What is the tens digit of i(m)?
1
Let k(v) = 115 - 26 + 6*v + v - 8*v. What is the units digit of k(0)?
9
Let k = 1602 - -1111. What is the hundreds digit of k?
7
Let q = 71 - -170